 -100111001001011101 (base 2) to base 14.
-42617
What is -144380 (base 9) in base 8?
-254714
What is 78c0 (base 16) in base 5?
1442122
What is -50070 (base 13) in base 5?
-14033041
Convert -3854549 (base 11) to base 6.
-355120250
213368 (base 9) to base 5
13032101
250345313 (base 6) to base 10
4788621
What is 471148 (base 9) in base 13?
9ba56
Convert -12440223 (base 5) to base 10.
-124438
What is -9e70 (base 16) in base 14?
-10ad2
Convert 1b2a5 (base 15) to base 11.
60423
Convert 27405 (base 14) to base 6.
2024141
Convert -21167713 (base 8) to base 4.
-101032333023
What is -7b04 (base 14) in base 8?
-51570
Convert -5431114 (base 9) to base 11.
-1710297
Convert 5050 (base 11) to base 12.
3a72
Convert -313302332323 (base 4) to base 14.
-1d2a639
-13a3718 (base 15) to base 3
-222200202112012
What is -430a98 (base 11) in base 13?
-1b1a72
Convert -8618862 (base 9) to base 2.
-10001100111101010100111
What is 243602 (base 9) in base 8?
437111
-1001000100100111011 (base 2) to base 12
-12404b
Convert 130140344 (base 5) to base 9.
1161164
What is -4260 (base 11) in base 9?
-7647
What is -30a190 (base 12) in base 15?
-1015a3
What is 100046 (base 10) in base 13?
366cb
Convert -190416 (base 10) to base 3.
-100200012110
-10101011111101100000 (base 2) to base 16
-abf60
What is -2461400 (base 10) in base 12?
-9a8508
Convert -4130215 (base 6) to base 4.
-300123203
What is -1532035 (base 8) in base 6?
-13225525
2937363 (base 11) to base 4
103033333231
What is -845129 (base 10) in base 8?
-3162511
Convert -11011000111000101111 (base 2) to base 14.
-191a6b
Convert -26574 (base 11) to base 4.
-21101002
Convert 10001122100000 (base 3) to base 13.
44c514
What is 103320222203 (base 4) in base 14?
999a15
-54054442 (base 6) to base 10
-1593818
Convert -59a86 (base 15) to base 3.
-112112011000
What is -322002 (base 11) in base 4?
-1331300123
-1630905 (base 11) to base 16
-2a76a4
-1100100000101101011 (base 2) to base 15
-8170d
Convert -4393a (base 11) to base 10.
-63689
What is 211144 (base 9) in base 16?
1ea45
51bb1a (base 14) to base 6
135053152
Convert -13323242 (base 5) to base 12.
-668b4
What is -405241 (base 6) in base 15?
-9871
Convert -79a4b (base 13) to base 15.
-45938
Convert 3428a6 (base 16) to base 7.
41024553
Convert 10010000011010110 (base 2) to base 4.
102003112
3332121113 (base 4) to base 2
11111110011001010111
Convert 362245 (base 7) to base 11.
45357
Convert -233210025 (base 6) to base 16.
-427721
64115 (base 9) to base 4
22112021
What is -829685 (base 10) in base 12?
-340185
What is -211248 (base 10) in base 5?
-23224443
What is 29734 (base 14) in base 6?
2112334
What is 152182 (base 9) in base 15?
1ca62
What is -28574 (base 9) in base 7?
-110431
What is -130312 (base 6) in base 4?
-2320010
Convert 22010110002 (base 3) to base 13.
57a7c
What is -12accb (base 15) in base 2?
-11011011000011110010
1362999 (base 11) to base 5
1100041134
Convert -33100310231 (base 4) to base 16.
-3d0d2d
130291 (base 11) to base 13
725b7
Convert 3111131010 (base 4) to base 14.
18a8a8
Convert 34240243 (base 5) to base 13.
a91b3
Convert -8b4c8 (base 13) to base 14.
-6854b
What is 100101000010111110000010 (base 2) in base 6?
544052334
What is 347023 (base 15) in base 12?
a092a3
Convert 14c40 (base 15) to base 5.
4120020
Convert 222211220 (base 3) to base 5.
1111242
79722c (base 14) to base 15
568b37
What is 7669887 (base 10) in base 14?
1039211
12300010322 (base 4) to base 3
10022220200122
Convert 269931 (base 10) to base 2.
1000001111001101011
What is 3428b (base 13) in base 16?
172cc
What is 151413210 (base 6) in base 12?
1084206
Convert -4c4b97 (base 14) to base 2.
-1010000001000000010001
What is -33262e (base 15) in base 14?
-476772
-23434220 (base 5) to base 15
-44925
What is 1010110101001010010000 (base 2) in base 5?
1211323214
What is -2211002222 (base 4) in base 8?
-2450252
What is 134422023 (base 5) in base 15?
dccc8
Convert 1310340003 (base 5) to base 16.
310e9b
What is 143265 (base 8) in base 7?
301210
What is 112010011121 (base 3) in base 6?
5542241
What is 28073a3 (base 11) in base 3?
100002222001021
451503 (base 8) to base 3
21202000222
What is -1230252 (base 6) in base 9?
-110725
11ca5 (base 15) to base 8
157027
Convert -101110110000011000 (base 2) to base 3.
-100201201001
Convert 11112111122 (base 3) to base 15.
1b6db
What is -23a85b5 (base 13) in base 10?
-11071676
Convert -316576 (base 14) to base 9.
-3124028
Convert 34341321 (base 5) to base 16.
4b6e1
Convert -10957 (base 14) to base 13.
-15429
1042231 (base 5) to base 8
44011
What is 1106214 (base 10) in base 5?
240344324
-124044041 (base 5) to base 14
-11d268
6e7bb (base 16) to base 4
1232132323
Convert -58570 (base 11) to base 4.
-110220313
-27602251 (base 8) to base 9
-12640884
200112111022 (base 3) to base 11
22a140
32440134 (base 5) to base 4
1010201131
Convert 23112365 (base 7) to base 13.
55964c
What is 1080448 (base 9) in base 6?
20305025
Convert 2301034402 (base 5) to base 4.
103130030203
Convert -39b782 (base 12) to base 11.
-5a11a7
-102200022321 (base 4) to base 7
-56140665
-16372369 (base 10) to base 4
-332131022101
Convert -42506 (base 14) to base 2.
-100111000110001010
Convert 11011111010101101100000 (base 2) to base 5.
3333141433
Convert -245a7 (base 15) to base 4.
-130111000
What is -210012323321 (base 4) in base 14?
-13857bb
What is -2705662 (base 8) in base 11?
-477541
-118263 (base 9) to base 2
-10001011111101101
What is -15d38 (base 14) in base 15?
-1133e
Convert 361f8 (base 16) to base 14.
5ab0c
Convert -143c98 (base 15) to base 14.
-1b5399
What is -1686851 (base 9) in base 13?
-27047b
14775757 (base 8) to base 14
6497b1
Convert 1067289 (base 13) to base 5.
2240422010
-2110332110 (base 4) to base 6
-21024552
4253b3 (base 13) to base 4
11323120030
4d65 (base 14) to base 7
54455
What is 3773029 (base 10) in base 15?
4e7e04
43003424 (base 5) to base 14
95208
-111100101101101101 (base 2) to base 9
-418116
-e717a (base 15) to base 2
-10110010111000101011
-221100301 (base 4) to base 12
-81981
Convert 1b085 (base 13) to base 3.
2200110221
Convert 10000101001101010 (base 2) to base 5.
4140302
Convert -102636 (base 8) to base 12.
-17966
What is e9e2 (base 15) in base 2?
1100000101001111
64682 (base 13) to base 9
305585
Convert -31ee0 (base 16) to base 5.
-23021022
What is 6896a (base 12) in base 3?
21002112001
Convert -18617185 (base 9) to base 10.
-9400613
Convert 216525666 (base 7) to base 4.
302022123231
-2212011012122 (base 3) to base 8
-5626103
Convert -10300502 (base 6) to base 11.
-197a90
-155588 (base 9) to base 11
-66129
7677018 (base 9) to base 14
795616
What is -719431 (base 13) in base 9?
-4875454
Convert -54288 (base 13) to base 7.
-1202163
30441035 (base 7) to base 11
149024a
What is 184137 (base 13) in base 11?
386430
Convert -31c23 (base 13) to base 11.
-61631
-2222000000020 (base 3) to base 11
-986067
Convert 497d2 (base 14) to base 4.
223323030
Convert -1224001 (base 5) to base 8.
-56112
What is 12001222120210 (base 3) in base 14?
502868
Convert -20da3d (base 14) to base 2.
-100001111110011110111
Convert e1dae (base 15) to base 10.
715214
What is 22101221002 (base 3) in base 2?
101000011000110111
Convert 114056612 (base 7) to base 10.
7073306
What is 22202101 (base 4) in base 14?
11a25
-29bc86 (base 13) to base 10
-1025940
What is -dc9d5 (base 15) in base 8?
-2530662
Convert -1330000 (base 8) to base 7.
-3111460
Convert 2ae43 (base 16) to base 3.
22220222210
-1110101010101101001000 (base 2) to base 14
-721304
130323311 (base 4) to base 2
11100111011110101
What is -55425312 (base 6) in base 12?
-685238
-100102330 (base 4) to base 2
-10000010010111100
-2683c5 (base 16) to base 13
-6a4b68
Convert -56139 (base 11) to base 16.
-13dca
2212120001 (base 4) to base 6
22334545
Convert 4b399 (base 16) to base 10.
308121
-543289 (base 11) to base 13
-2451cb
-5748368 (base 9) to base 15
-4145be
-330120101 (base 4) to base 7
-2050013
Convert 5aa29 (base 16) to base 12.
15aa09
-2b2500 (base 14) to base 10
-1504692
Convert -489916 (base 11) to base 12.
-3141a9
Convert 10faa6 (base 16) to base 9.
2075350
What is -523b9 (base 13) in base 5?
-14212413
Convert -1577443 (base 8) to base 14.
-bd163
-14647c9 (base 14) to base 4
-211312310031
What is -104534135 (base 6) in base 5?
-442104211
Conver